at is i(n)?
10
Let r(j) = -8*j - 65. Suppose -30*f + 196 - 135 = 511. What is r(f)?
55
Let n(y) = y + 1. Let c = 116 - 118. Let a be (-72)/(-540) + c/15. What is n(a)?
1
Let c(g) = g**2 - 5*g + 3. Suppose -3*q = r - 5, -2*r - 6 = -q + 2*r. Suppose 0 = -3*z - 15, j + q*z + 0 + 6 = 0. Determine c(j).
-1
Let k(c) = 7*c**3 - 8*c**2 - 8*c + 2. Let t be -6*(-7)/84*10. Let g(z) = -4*z**3 + 4*z**2 + 5*z - 1. Let y(v) = t*g(v) + 3*k(v). What is y(5)?
31
Suppose 0 = 5*z - 7 - 3. Let p(b) = -5*b - 10*b - z*b - 1 + 16*b - b**2. Let i(g) = g**3 + 2*g**2 + 2*g + 3. Let r(n) = -i(n) - 2*p(n). Determine r(-2).
7
Let o(b) = -7*b**2 + 5. Let z(r) be the second derivative of 33*r + 4*r**2 - 11/12*r**4 + 0*r**3 + 0. Let m(c) = -8*o(c) + 5*z(c). Give m(2).
4
Let r(s) be the second derivative of s**5/20 - s**4/2 - 13*s**3/6 - s**2 + 451*s. Determine r(8).
22
Suppose -10*t + 0 + 24 = -16. Let h(j) = j**3 - 6*j**2 + 21*j - 46. Calculate h(t).
6
Suppose -x - h - 11 = -4*x, 0 = 5*x - 3*h - 25. Let j(b) = 2. Let d(w) = -w + 2. Let u(i) = d(i) + j(i). What is u(x)?
2
Let q(h) = -415 + 0*h + 3*h + 422 - 2*h. Give q(-13).
-6
Let w(k) be the third derivative of k**4/8 - 2*k**3 + 2*k**2 - 39*k - 8. What is w(-18)?
-66
Let o(m) = 4 + 18*m**2 - 2198*m + 2*m**3 + 2211*m - 14. Determine o(-8).
14
Let u(r) be the first derivative of r**2/2 + 18*r - 4187. Give u(-15).
3
Let k(s) = -7*s - 4528 + 2351 + 2552. Calculate k(54).
-3
Let f(x) = x + 17. Let d(r) = -2*r - 35. Suppose 3*q = -0*q - 6, 5*s - 3*q = 31. Let b(y) = s*f(y) + 3*d(y). What is b(0)?
-20
Suppose 0 = -4*j - 2*i - 130, j - 1568*i = -1570*i - 25. Let c(h) = h**3 + 34*h**2 - 27*h + 264. Calculate c(j).
-16
Let k = -3482 - -3465. Let w(p) = 4*p**3 + 68*p**2 + p + 23. What is w(k)?
6
Let k(z) = -z**3 + z + 2. Suppose -5*l + 734 - 209 = 0. Let m = -107 + l. What is k(m)?
8
Let k(d) = -8*d - 6 - 1 - d**2 - 1. Let h(c) = -7*c + 28. Let t be 2 - 10/(30/(-9)). Let j be h(t). Give k(j).
-1
Let d be (0 - 4 - -1) + 6*1. Suppose d*i + 3 - 19 = -4*j, 3*i + 2*j = 14. Suppose 7*l + m + 2 = 6*l, i*l + 11 = -5*m. Let g(f) = 9*f**3 - 1. Determine g(l).
8
Let j(h) be the third derivative of -h**7/2520 + h**6/90 + 7*h**4/24 - 2*h**2. Let b(u) be the second derivative of j(u). Let f be 5 - (3 + (-45)/9). Give b(f).
7
Let u(f) = 2*f + 1. Let r(j) = 2*j**2 - 24*j + 24. Let k be r(11). Let t = 7 - 4. Suppose t*y + 2*i = 21, k*i + 11 = 4*y - 3. Calculate u(y).
11
Let r(i) = -677 + 6*i - 641 + 1259. What is r(10)?
1
Let o(v) be the second derivative of -5/3*v**3 + 18 - 1/20*v**5 + 5*v + 17/2*v**2 + 3/4*v**4. What is o(8)?
1
Let u(q) = -8*q**2 + 49*q - 5. Let z(g) = 3*g**2 - 15*g + 2. Let r(o) = 4*u(o) + 11*z(o). What is r(-31)?
2
Let u(f) = 15*f - 12*f + f**2 + 11*f + 35 + 7*f. Give u(-17).
-33
Let r(y) be the first derivative of -3*y**2/2 + 3*y - 11. Let i(n) = 16*n - 16. Let a(o) = -2*i(o) - 11*r(o). Determine a(-6).
-7
Let u(w) be the first derivative of -w**4/4 + 8*w**3/3 - 15*w**2/2 + 14*w - 1904. Calculate u(6).
-4
Let u(s) = -s**2 - 183 - 200 + 4*s + 584 - 202. Let k = 11 - 7. What is u(k)?
-1
Let l = -29772 + 29781. Let f(i) = -18*i + 167. What is f(l)?
5
Let b(g) = 8*g**3 + 6*g**2 + 8*g + 6. Let n(p) = -p**2 - p - 1. Let v(r) = b(r) + 5*n(r). Calculate v(-2).
-65
Suppose -9*j + 47 - 20 = 0. Suppose j*g = 2*g + 2. Let u(m) = 3*m + 17*m**g - 3*m - 5*m + 6*m. Determine u(1).
18
Let u(w) = 6*w + 8. Suppose -21*b + 22*b - 24 = -3*s, -4*s = -8. Give u(b).
116
Let s(y) be the third derivative of -1/6*y**3 + 0 - 1/4*y**4 + 0*y + 7/60*y**5 + 211*y**2 + 1/120*y**6. Determine s(-8).
-17
Let f(y) be the second derivative of 7*y**3/3 + 5*y**2/2 - 1588*y + 1. Give f(-1).
-9
Let h(v) = 6*v + 72. Suppose -3*s - 3*a - 12 = 0, -3*s + 2*a = -127 + 159. Determine h(s).
24
Let m(h) = h. Let c be m(0). Let j(a) = 1 - 3 - 2*a + c. Suppose u = -t, 13 + 7 = -5*u - t. Determine j(u).
8
Let u(m) = 182 + 4*m - 183 - 4*m + 4*m + 2*m**2 - 9*m. Calculate u(0).
-1
Let v = 4941 + -4965. Let k(h) = 2*h**2 + 48*h + 7. What is k(v)?
7
Let s be 4/((-4)/(-3)) + 3. Let t(i) = 877*i**2 - 6 + i**3 + 5*i - 1752*i**2 + 0*i**3 + 868*i**2. What is t(s)?
-12
Let b(l) = 19*l - 215. Let t(z) = 32*z + 172. Let k be t(-5). Give b(k).
13
Let p(z) = -17*z**2 + 2*z + 3. Let w be (17/34)/((-4)/8). Calculate p(w).
-16
Let c(h) = 2*h**2 + 19*h + 16. Let d(g) = -11*g - 8. Let r be d(0). Let o be c(r). Let t(w) = -7*w**2 - 10 + 4*w + 2*w - 2*w**3 + w**3. Determine t(o).
6
Let c(f) be the second derivative of -f**3/6 + 4*f**2 - f - 37347. Let j(t) = t**3 + 5*t**2 + 3*t + 4. Let x be j(-4). Calculate c(x).
0
Let h be 5 + 0 + (-19 + -2)/7. Let v(d) = 528 + 521 + h*d - 1052. Suppose -5 = 5*j + 30. Determine v(j).
-17
Let f(u) = -u + 46. Let y be f(1). Suppose 54 = 9*g - y. Let m(s) = -s + 13. Determine m(g).
2
Let w(q) be the second derivative of q**3/6 + 5*q**2 - 4*q. Suppose -v - 27 = 5*h, -4*h - 2*v - 4 - 8 = 0. Determine w(h).
3
Let h be (4/(-8)*-1)/(-4 - (-618)/156). Let l(x) = x**3 + 15*x**2 + 26*x + 3. What is l(h)?
3
Let w(u) = u**2 - 5*u - 1. Let o(x) = 4*x**2 - 62*x - 22. Let j be o(16). Suppose -5*d - 15 = -4*f, 3*d + j = 13. Calculate w(f).
-1
Suppose 10*h - 15*h = m + 1535, 0 = -3*h - m - 919. Let y = h - -304. Let c(v) = -4*v - 1. Give c(y).
15
Let r(l) = l**2 - 4*l - 32. Let m be r(-15). Let c = m + -255. Let f(u) = -u**2 - u - 2. Determine f(c).
-4
Let d(w) = 3*w**2 - 40*w - 149. Let t(q) = 5*q**3 - 947*q**2 - 571*q + 187. Let x be t(190). Determine d(x).
-2
Suppose -75 = -28*l + 9. Let x(f) = -218 + 15*f + 15*f**2 + 420 + f**l + 2*f**2 - 220. What is x(-16)?
-2
Let n = -300 - -301. Let m(s) = 10*s**2 - 2*s - 5. Let l(o) = 22*o**2 - 5*o - 11. Let v(z) = 4*l(z) - 9*m(z). Give v(n).
-3
Let n be (396/30)/((-6)/15). Let a = 7 + n. Let v = -29 - a. Let k(d) = -d**2 - 4. Determine k(v).
-13
Suppose 0 = -2*c - 2*m + 58, -c + 41*m - 39*m = -17. Suppose c*n + 16*n + 246 = 0. Let y(l) = -l**3 - 8*l**2 - 13*l - 13. Determine y(n).
-7
Let t(o) = 9*o + 13. Let f(g) be the second derivative of g**3/3 + g**2 - 89*g. Let h(l) = -4*f(l) + t(l). What is h(3)?
8
Let n(l) = -l**3 + 3*l**2 - 3*l + 2. Suppose 639*x - 635*x + 12 = 0. Give n(x).
65
Let s(x) = -x**2 + 6*x - 2. Let k = 253 - 252. Let z be 1 - -7 - k - (16 - 14). Give s(z).
3
Suppose -4*s - 2*w = -46, -4*s - 4*w = -14 - 38. Suppose -36 = 4*p + g, 0 = 2*p - 14*g + s*g + 18. Let q(i) = -i**3 - 9*i**2 + 2*i + 1. Give q(p).
-17
Let q be (-2 - 7) + 4 + -9 + 11 + -3. Let l(m) = 2*m**3 + 8*m**2 - 20*m + 30. What is l(q)?
6
Let d(o) = o**2 - 10*o + 64. Let p be d(9). Suppose -79*q + 120 = -p*q. Let x(m) = m**3 - 4*m**2 + 2*m + 4. Calculate x(q).
39
Let g(a) = 293*a + 277*a - 562*a. Suppose j = 4*t - 2*t + 13, -4*j = -12. Let v = t - -3. What is g(v)?
-16
Let q(p) = -74*p**2 - 54*p - 1755. Let w(d) = 17*d**2 + 14*d + 438. Let z(i) = 3*q(i) + 13*w(i). Give z(33).
0
Let t(a) be the first derivative of -6*a + 5*a**3 + 1/4*a**4 + 0*a**2 - 7. Determine t(-15).
-6
Let s be (-2 + 5/2)*6. Suppose 5*q = 3*b - 29, -s*b + 10 = -4*q - 5*b. Let h(o) = 4*o - 3*o**2 + 497*o**3 - 316*o**3 - 3 - 182*o**3. Determine h(q).
-3
Let h(a) = a**3 - 2*a**2 + a - 1. Let r be (-28)/(-168) - 2/(-12)*221. Suppose 5*v - r = -12. Let u(l) = -10*l + 52. Let n be u(v). What is h(n)?
1
Let c(t) = t**2 - 6*t + 10. Let g be c(4). Suppose -4*q + 53 = 2*s + 3*s, -g*q - 5 = -s. Let l be ((-6)/s)/(2/15). Let d(n) = 2*n - 2. Determine d(l).
-12
Let s(t) = 6*t + 4. Let z(p) = 7*p + 5. Let j(o) = 4*s(o) - 3*z(o). Let l = 2504 - 2503. Give j(l).
4
Let o be (0 - -3) + (-27 + -18)*(-44)/(-55). Let w(k) = k**3 + 34*k**2 + 37*k + 110. Give w(o).
-22
Let f(v) = 12*v**2 + 8*v - 6. Let c = -443 - -441. Let s(u) = 5*u**2 + 4*u - 3. Let w(b) = c*f(b) + 5*s(b). What is w(-6)?
9
Suppose 0 = g - 4*g + 12. Suppose -530 = 4*f - 1642. Let r(a) = -a**3 + 0*a + 1 + f*a**2 - 5*a - 273*a**2. Calculate r(g).
-3
Let d(y) = y**2 + 11*y + 28. Let j be d(-7). Suppose -6*u + 4 = -14. Let s(o) = -141 + o + 65 + o**2 + 63 - o**u. Give s(j).
-13
Suppose -2*b = 3*h + 2*h + 162, h = -5*b - 37. Let j be (30 + h)/(-2 - (-2 - -2)). Let f(l) = -2*l + 5*l**2 + 0 + 5 - 6*l**2 - j. Calculate f(3).
-11
Let b(l) = -89873 + 11*l + 90091 - 39*l. Calculate b(8).
-6
Let v(c) = c**3 + 21*c**2 - 21*c + 9. Suppose 15*d = 105 - 74 - 3